1 and 5492607.
1587
Calculate the greatest common factor of 2102 and 167552.
2
What is the greatest common divisor of 404285 and 7210?
35
Calculate the highest common divisor of 10176 and 1836472896.
10176
What is the highest common factor of 220 and 2246024?
44
Calculate the greatest common factor of 27026 and 6382.
2
What is the highest common factor of 994000 and 74480?
560
Calculate the highest common divisor of 49149298 and 5672.
1418
Calculate the highest common factor of 49798350 and 6300.
3150
Calculate the highest common factor of 177129 and 1263.
3
What is the greatest common factor of 8043261 and 31671?
1173
Calculate the greatest common factor of 8624 and 29832.
88
What is the highest common factor of 3821627 and 37?
1
What is the greatest common divisor of 11832 and 193809146?
986
What is the greatest common factor of 76552 and 7210?
14
Calculate the greatest common divisor of 40 and 457887296.
8
Calculate the highest common divisor of 12260808 and 18360.
3672
What is the greatest common factor of 798944 and 544?
32
Calculate the greatest common divisor of 383345 and 522419.
1783
What is the greatest common divisor of 22500 and 130?
10
Calculate the greatest common factor of 1064 and 121538592.
1064
What is the highest common factor of 149759550 and 10800?
1350
What is the highest common divisor of 95593375 and 125?
125
What is the greatest common factor of 7080 and 54461012?
236
What is the highest common factor of 18 and 28558656?
18
Calculate the greatest common factor of 12325 and 46806899.
493
What is the greatest common factor of 3014888 and 57390?
3826
Calculate the greatest common factor of 40 and 6903896.
8
Calculate the greatest common factor of 600 and 18046575.
75
What is the greatest common divisor of 1008697 and 6106?
71
What is the highest common divisor of 344881766 and 166?
166
What is the greatest common factor of 21386309 and 84?
7
What is the highest common factor of 91 and 165448231?
13
Calculate the greatest common factor of 59885 and 372505.
1015
Calculate the highest common divisor of 11431 and 1607585.
161
What is the greatest common divisor of 19656 and 62818392?
2184
What is the highest common divisor of 9522775 and 303425?
1325
What is the greatest common factor of 3366410 and 10215?
1135
What is the highest common divisor of 793875 and 5633337?
6351
What is the highest common factor of 434 and 4670956?
62
What is the greatest common factor of 178174841 and 5915?
169
Calculate the greatest common factor of 525 and 5968187925.
525
What is the highest common factor of 272 and 18872432?
16
Calculate the highest common factor of 100400 and 484200.
200
Calculate the greatest common divisor of 233985476 and 4772.
4772
Calculate the greatest common divisor of 2071 and 256246901.
2071
Calculate the greatest common divisor of 39911 and 10817.
373
What is the highest common factor of 32385 and 2569635?
255
Calculate the greatest common divisor of 9378 and 3186.
18
Calculate the highest common divisor of 54427375 and 500.
125
Calculate the highest common factor of 123480711 and 2778.
1389
What is the greatest common divisor of 339 and 11803867?
113
Calculate the highest common divisor of 3997768 and 32.
8
What is the highest common factor of 24288 and 26697?
33
What is the greatest common divisor of 13 and 1184703403?
13
What is the greatest common divisor of 27 and 337214556?
27
Calculate the highest common factor of 5497842 and 2676.
1338
What is the greatest common factor of 62956637 and 27854?
733
What is the highest common divisor of 28107668 and 5272?
2636
What is the greatest common divisor of 9195 and 7451628?
1839
Calculate the greatest common factor of 1617 and 2418297.
147
What is the highest common divisor of 206550 and 1421100?
450
What is the highest common factor of 23500 and 455700?
100
Calculate the greatest common factor of 29375 and 555775.
1175
Calculate the greatest common factor of 12933 and 135813744.
4311
Calculate the highest common divisor of 106314105 and 60.
15
What is the highest common factor of 6710224 and 32?
16
Calculate the greatest common divisor of 795 and 9348915.
15
Calculate the highest common factor of 12002 and 7476187.
353
Calculate the greatest common divisor of 2867 and 18933104.
47
Calculate the highest common divisor of 72 and 112390326.
18
What is the highest common factor of 978 and 156740637?
489
Calculate the highest common divisor of 145 and 25764590.
5
What is the greatest common factor of 1785 and 374428145?
595
What is the greatest common divisor of 20466199 and 2639?
377
What is the highest common factor of 9 and 58165281?
9
Calculate the highest common factor of 9 and 723735.
9
Calculate the highest common factor of 8208 and 66366.
54
Calculate the highest common divisor of 7935 and 54970.
115
What is the highest common factor of 12999970 and 838120?
9110
Calculate the greatest common factor of 107988 and 21.
3
Calculate the greatest common divisor of 49249 and 2193.
17
Calculate the highest common factor of 204765 and 4061355.
1095
What is the highest common factor of 138 and 2018438?
2
What is the highest common factor of 255787 and 5124?
7
What is the highest common factor of 30518 and 18?
2
What is the highest common divisor of 79962887 and 1159?
1159
Calculate the highest common factor of 107 and 1506939636.
107
Calculate the greatest common factor of 695787 and 50344317.
11793
Calculate the greatest common divisor of 18187194 and 2826.
942
Calculate the highest common factor of 679066990 and 826.
826
What is the greatest common divisor of 288696 and 2072649?
1569
Calculate the greatest common divisor of 12215798 and 310.
62
Calculate the greatest common factor of 9782443 and 11.
11
What is the highest common divisor of 50 and 10721510?
10
Calculate the highest common factor of 109 and 26299.
1
Calculate the greatest common divisor of 41922 and 402526.
34
Calculate the greatest common divisor of 4112722 and 460.
46
What is the highest common factor of 120 and 294216510?
30
Calculate the highest common factor of 91858720 and 40.
40
What is the highest common factor of 5109 and 585039?
39
Calculate the greatest common factor of 7781 and 84692.
31
What is the greatest common factor of 15220620 and 1260?
180
Calculate the highest common factor of 8 and 183083596.
4
Calculate the greatest common factor of 267348395 and 2075.
415
Calculate the greatest common factor of 332990 and 76447.
469
What is the greatest common divisor of 951900 and 80275?
475
What is the greatest common factor of 447 and 49354611?
447
What is the highest common factor of 2458 and 27768026?
2458
What is the highest common divisor of 3553 and 137197841?
209
Calculate the highest common divisor of 166 and 882065402.
166
Calculate the highest common factor of 6313 and 92099.
59
Calculate the greatest common divisor of 32230 and 1166.
22
What is the highest common divisor of 178162 and 535264?
778
Calculate the highest common factor of 3557 and 3109.
1
What is the highest common divisor of 13563 and 983862?
99
What is the highest common factor of 2652 and 18537922?
442
Calculate the greatest common divisor of 89298 and 291510.
738
Calculate the highest common divisor of 12 and 336461754.
6
Calculate the greatest common divisor of 40086 and 22698.
18
What is the highest common factor of 98037944 and 16?
8
What is the greatest common divisor of 35550 and 29840?
10
What is the highest common factor of 821 and 2557?
1
What is the highest common factor of 1545 and 38958720?
1545
Calculate the greatest common factor of 10836 and 7176540.
84
What is the greatest common divisor of 11042507 and 2247?
749
Calculate the greatest common factor of 628597818 and 9.
9
Calculate the greatest common factor of 7930769 and 4445.
889
Calculate the highest common divisor of 330 and 3101230.
110
What is the highest common divisor of 18116161 and 63?
7
What is the greatest common factor of 14654 and 115974?
34
What is the highest common divisor of 1836 and 1414689?
51
What is the highest common divisor of 132756 and 3649548?
276
Calculate the greatest common factor of 11099 and 682429.
11
Calculate the greatest common factor of 41789 and 3103783.
3799
What is the greatest common factor of 21433022 and 68?
34